1. Let k(w) = -12*w**2 + 5*w + 2. Let b(r) = c*t(r) - 4*k(r). Give b(1).
6
Let r be 6 + (0 + -2)/2. Suppose -2*l - 2 = 0, 2*s = -0*l - l + 17. Let j(m) = 6*m - s - 3*m - 2*m. Determine j(r).
-4
Let m(s) = -2*s - 6. Let p = 4 - 6. Let t be (-4)/(-8) + 17/p. Let v = t + 3. Give m(v).
4
Let x(k) = -k**2 + 2*k - 5. Suppose -5*v = 2*w, -4*v - 7 = -0*v + 3*w. Suppose -v*c - 12 = -5*c. What is x(c)?
-13
Let m(f) = 3 + 19*f - 83*f + 24*f + 25*f. Calculate m(2).
-27
Let c(x) be the second derivative of -x**3/6 + x**2 + 10*x. What is c(-4)?
6
Let h(d) be the first derivative of 5*d**2/2 + d - 1. Let x = 54 + -53. Give h(x).
6
Let x(i) be the third derivative of i**4/12 - 9*i**2. Determine x(-5).
-10
Suppose -10 = -2*p + 4*p. Let u(d) = -d**2 - 3*d + 3. Determine u(p).
-7
Let d(a) = -2*a + 1. Let s(b) = 10*b - 5. Let z(k) = 11*d(k) + 2*s(k). Let n = -54 - -53. What is z(n)?
3
Suppose 7 = 5*s - 38. Suppose -3*m + s = -3. Suppose m*f = -f + 20. Let u(g) = -g**2 + 4*g + 1. What is u(f)?
1
Suppose -4*q - 5 = 3*r + 1, -2*r - 5 = 3*q. Let i(f) = -f**3 + 3*f**2 - f - 2. Determine i(r).
0
Let w(b) = -1. Let u(r) = -r - 4. Let y(c) = -u(c) + 3*w(c). What is y(-4)?
-3
Let o(c) = 3*c - 3. Let f be -1 + (0 - 12/(-3)). Let q be o(f). Let p = q - 10. Let x(i) = 2*i + 4. Determine x(p).
-4
Suppose 2*p = a + p - 4, 4*a = 2*p + 14. Suppose 3*n + 4*d - 19 - 16 = 0, 25 = a*n + 2*d. Let h(f) = -f**2 + 6*f - 1 + 4*f - 3*f. Give h(n).
9
Let a(o) = 6*o**2 - o. Let s be a(2). Suppose 5*g - s = 3*u - 6, 6 = -3*u. Let r(n) = 3*n. What is r(g)?
6
Let o = 46 - 49. Let v(t) = -t**3 - 3*t**2 + t + 3. Give v(o).
0
Let g(v) be the third derivative of -v**4/24 - 6*v**2. Determine g(-2).
2
Let b(n) = -n**3 - n + 1. Let h(t) = -3*t**3 - 11*t**2 - 3*t - 8. Let l(m) = -4*b(m) + h(m). Determine l(11).
-1
Let t(w) = w**2 + w. Let r(s) = -7*s**2 - 4*s + 1. Let f(a) = -r(a) - 3*t(a). Let i(u) = 11*u**2 + 3*u - 3. Let b(q) = -17*f(q) + 6*i(q). Give b(1).
-2
Let k(a) = 0*a - 6*a + 5 + 0 + 9*a. Give k(-4).
-7
Let n(k) be the third derivative of 11*k**5/60 - k**4/12 + k**3/6 - 9*k**2. Give n(1).
10
Suppose 16 + 44 = 20*v. Let u(l) be the third derivative of 0 + 0*l + 5/6*l**3 + 1/24*l**4 + v*l**2. Calculate u(-3).
2
Let d(t) = t**3 - 18*t**2 + t - 25. Let f be d(18). Let y(k) = -k**2 - 6*k + 1. Give y(f).
-6
Let k(h) = -h**3 - 12*h**2 - 10*h + 11. Let l be k(-11). Let x(o) = -o. Determine x(l).
0
Let b(i) = -3*i**2 + 14*i + 0*i**2 - 13*i. Let v(p) = p**2 - 8*p + 9. Let r be v(7). Determine b(r).
-10
Let z(r) = -2*r - 17. Let v(m) = -m - 8. Let d(q) = 7*v(q) - 3*z(q). Determine d(-7).
2
Let k(g) = -g - 9. Let j = 7 - 4. Suppose v - 12 = j*v. Determine k(v).
-3
Let v(z) = z**3 - 1. Let w be 0*-1*(-2)/2. Suppose w*r + 3*r = 0. What is v(r)?
-1
Let b(z) = -7*z**2 + 11*z - 15. Let q(x) = 2*x**2 - 3*x + 4. Let k(h) = 6*b(h) + 22*q(h). Calculate k(-2).
6
Let g(d) be the third derivative of -d**4/12 + d**3/2 + 3*d**2. Calculate g(2).
-1
Let o(q) = -3*q - 2. Let u be o(1). Let y(p) = -p**2 + 2*p**2 + 5 + 0*p + 7*p. Give y(u).
-5
Let d(u) be the third derivative of u**6/120 - u**5/10 - 3*u**4/8 + 7*u**3/6 + 8*u**2. What is d(7)?
-7
Let q(s) be the third derivative of s**6/120 + s**5/10 + 7*s**4/24 + 7*s**3/6 - 2*s**2. Let w(a) = -a**2 - 1. Let m be w(2). Give q(m).
-3
Let y(f) be the second derivative of f**3/6 - f**2/2 + f. Let h = 45 - 25. Let b be -4*h/16*1. Calculate y(b).
-6
Suppose -2 - 10 = -2*g. Let x = 4 + -2. Let y(k) = -k**2 + 1 + k**x - 4*k - k**2 + g*k. What is y(-2)?
-7
Let q(t) be the first derivative of 1/2*t**2 + 1/120*t**6 - 2 + 0*t - t**3 - 1/8*t**4 - 1/15*t**5. Let d(p) be the second derivative of q(p). Calculate d(5).
4
Let f(j) be the third derivative of -j**4/24 - j**3/3 + 3*j**2. Suppose 4*m - t + 17 = 0, -7*t + 2*t - 3 = 2*m. Determine f(m).
2
Let k(y) be the second derivative of y**3/6 + 3*y**2/2 + 26*y. What is k(3)?
6
Let c(d) = 3*d - 1. Let s be ((-24)/(-18))/(2/(-6)). What is c(s)?
-13
Suppose -2*j + 0 = 4. Let r(w) = -7*w - 3. What is r(j)?
11
Let k(i) be the second derivative of -i**3/6 - 3*i**2/2 + 2*i. Determine k(4).
-7
Let a(u) = 8*u**3 + u**2 - u + 1. Let j = 10 + -8. Suppose -4*r - j*i - 6 = -0*r, -i = 5. Calculate a(r).
9
Suppose 12 + 13 = -5*v. Let d(o) = -6*o - 10. Let a(x) be the second derivative of -7*x**3/6 - 11*x**2/2 + x. Let t(u) = v*a(u) + 6*d(u). Determine t(-6).
1
Let o(h) be the third derivative of -h**5/60 - h**4/6 - h**3/3 + h**2. Let u be o(-2). Let r(x) = 1 + 0*x - 2*x**2 - 5*x**u + x + 4*x**2 + x**3. What is r(2)?
-1
Let s(n) be the third derivative of -n**4/24 + 3*n**3/2 - 35*n**2. Calculate s(8).
1
Let l(m) = -10*m - 12*m**3 + 4*m - 6*m**2 + 13*m**3 + 1 + 4. What is l(7)?
12
Suppose 2*t = -3*t - 3*m - 50, 4*m = 4*t + 8. Let o(v) = v**3 + 8*v**2 + 7*v + 7. What is o(t)?
7
Let f(s) = -2*s - 9. Let y be (-114)/(-21) - (-3)/(-7). Let z(n) = -3*n - 17. Let m(h) = y*f(h) - 3*z(h). Calculate m(0).
6
Let c(n) = 7 - 3 - 3 + 3*n**2 + 2 + 4*n. What is c(-2)?
7
Let j = 8 - 7. Let a(m) be the third derivative of -m**6/120 - m**4/12 + m**3/6 - 2*m**2. What is a(j)?
-2
Let n(b) be the first derivative of b**4/4 + b**3 + b - 9. Give n(-3).
1
Let h(q) be the third derivative of -q**5/60 - q**4/3 - 2*q**3/3 + 5*q**2. Suppose -5*t + 3*s - 6*s - 37 = 0, -16 = 4*s. What is h(t)?
11
Let r(h) = h. Let w(l) = -3*l - 7. Let j(m) = 2*r(m) - w(m). What is j(-6)?
-23
Let i(r) = 3*r**2 - 16*r + 5. Let o(s) = 3*s**2 - 15*s + 6. Let v(m) = 3*i(m) - 2*o(m). Let f(l) = l**2 - 6*l + 1. Let b(d) = 8*f(d) - 3*v(d). Determine b(5).
4
Let s(n) = -n**3 + 4*n**2 - 3. Suppose m = l + 9, -19 = m + 5*l + 2. What is s(m)?
-3
Suppose 2*c + 6 = m, 2*m - c - 3 = -0*c. Let k(v) = 6*v**3 + v**2 + 6*v + 2. Let g(q) = -5*q**3 - q**2 - 5*q - 1. Let x(o) = 5*g(o) + 4*k(o). Determine x(m).
3
Let t(n) = -4 - n**2 - 4*n**2 - 2*n**2 + 3*n**2 + n**3 - 4*n. Determine t(5).
1
Let o be (-4)/16 - 11/4. Let j(s) = s. Let a(i) = -i. Let p(m) = 3*a(m) + 5*j(m). Give p(o).
-6
Let n(q) = 4 + 2*q - 2*q - 10 + 5*q + q**2. Let x be n(-6). Let f(j) = -6*j + 1 + 4*j + x*j. Give f(-1).
3
Suppose -2*f = -3*f. Suppose f = t + 2*t. Let x(w) = -w**3 + w**2 - w + 5. Determine x(t).
5
Let c = 41 - 38. Let w(b) = 2*b**2 - 4*b. Calculate w(c).
6
Let r(a) be the first derivative of -a**2/2 - 4*a + 1. Let g(q) = -4*q - 20. Let b be g(-6). Give r(b).
-8
Let w(l) be the second derivative of l**5/20 - l**4/6 + l**2/2 + 2*l + 2. Give w(-2).
-15
Let x = 1 + 4. Let g(p) be the second derivative of -3/2*p**2 - 3*p + 0 - 1/2*p**3 + 1/12*p**4. Give g(x).
7
Let u(d) = 2*d - 8. Let z be 2 - (-2 - -2 - 3). Suppose 5*f - 40 = o - 10, -z*f + 2*o + 30 = 0. Give u(f).
4
Let o = -90 + 92. Let t(r) be the first derivative of -2*r**2 + 7*r - 1/4*r**4 - o*r**3 + 1. Calculate t(-5).
2
Let c(m) = -m**3 + 5*m**2 - 3*m - 3. Let d(a) = a**2 + 17*a - 15. Let b be d(-18). Determine c(b).
6
Let a(i) = -i**3 + 2*i**2 + 2*i - 1. Suppose 3*b = u - 1, 3*b + 2*u + 2*u = -26. Determine a(b).
11
Let w be (-4)/6*3/2. Suppose 4*z + 0*z = 0. Let d(r) = 2*r**2 + 1 + 5*r**2 + z. Determine d(w).
8
Let i(x) = -x**2 + 6*x - 4. Let v(l) = 5*l**2 - 2*l + 5*l - 2*l. Let q be v(1). Give i(q).
-4
Let p(h) = 8 + 6 - h - 12. Let u(t) = -t**2 - t + 2. Let b be u(0). Suppose 0 = -b*w - 0*w. What is p(w)?
2
Let y = -6 + 9. Suppose 3*q = 6*q + 12, 4*q = -y*c - 1. Let l(u) = -u**3 + 4*u**2 + 4*u + 1. Calculate l(c).
-4
Let c be (8/(-6))/((-26)/39). Let y(z) = -4*z**c + z**2 + 12 + 2*z**2 - 19 + 8*z. Determine y(6).
5
Let y(c) = c**2 + 13*c + 9. Let s be y(-13). Let i(f) = -f + 10. Determine i(s).
1
Let o(n) be the first derivative of n**2 - 4*n - 6. What is o(3)?
2
Let u(s) = -6*s. Let w be (-8 - -7)*2/4*-2. What is u(w)?
-6
Let h = 15 + -11. Let s(u) = -u**2 + 4*u - 2. Give s(h).
-2
Let j(q) = 3*q + 13 + 0*q**2 - 17 - q**2. What is j(3)?
-4
Let w be 0 - 5*1/(-1). Let a(j) = 3*j**3 + 8*j**2 + 5*j - 4. Let o(d) = 4*d**3 + 9*d**2 + 6*d - 5. Let z(b) = w*a(b) - 4*o(b). Let f = 34 + -30. Calculate z(f).
4
Let a(y) = -y**3 - 8*y**2 + 2*y + 11. Let l be a(-8). Let j(b) = 2*b**2 + 21*b - 3. Let k(o) = o**2 + 10*o - 1. Let q(p) = 4*j(p) - 9*k(p). Calculate q(l).
2
Suppose -4*m - 16 = 4*t, 5*t + 27 = 2*m - 0*t. Suppose 5 - m = -3*z + 2*y, 0 = -z + 3*y - 13. Let l(o) = -9 + 9 - z*o. Determi